).
-2
-20 - -10 - (-35 - (-5 + 2))
22
What is (24 - 56 - -16) + 11?
-5
Evaluate 0 + -12 - (-1 - 14).
3
Evaluate -2 + 1 + -2 - (136 - 132).
-7
What is the value of -4 - (2 + 15 + -24)?
3
What is (-48 - (2 + -19)) + 11 - -53?
33
-16 - -40 - 13 - 20
-9
Calculate (9 - (22 + (-2 - -2))) + 0.
-13
What is the value of 18 + (2 - 14) + 17 - (4 + -1)?
20
What is the value of 6 + (-5 - -15) + -4 + 1 + -5?
8
Calculate (-27 - -13) + 10 + 21.
17
-5 + 1 + -7 + 4 - -3
-4
What is the value of (-11 - 0) + (26 - 24) - 3?
-12
Evaluate -24 + (-5 + -11 - -30) + -12 + 2.
-20
Evaluate (-6 - -19) + 14 + -15.
12
What is (2 - 23) + -13 + -15 + (35 - -3)?
-11
What is 18 - (21 - 14 - -7)?
4
What is the value of -128 + 157 - (3 - (-13 - -3))?
16
What is the value of 4 - (-13 + -6 + 37 + -23)?
9
Evaluate -4 + -1 + (-6 + 1 - -13) - -3.
6
Calculate -26 - (44 - 28) - -17.
-25
-39 + 31 - (-44 - 2 - -5)
33
Calculate 4 - (-25 + (21 - -2)).
6
What is the value of 23 - (22 + 2) - (1 - 18)?
16
What is the value of (41 - (39 + 15)) + 0 + -6?
-19
-15 - (470 + -512 - (9 + -1))
35
What is 0 - 0 - (-9 - (-64 + 60))?
5
Evaluate 27 - 39 - -55 - (0 - -18).
25
What is -4 + -1 + (1 - (-6 - (4 - 5)))?
1
What is the value of (2 - 19) + -1 - (18 + -19)?
-17
What is -2 + 1 - (-3 + 1 - -1 - 11)?
11
Calculate -4 + (17 - 12) + 1 + -7 + -2.
-7
27 - (-12 - 11 - -38)
12
What is 74 - 57 - (3 - (-2 - -2 - 0))?
14
What is the value of -20 + 4 + 5 - (1 + -40 + -1)?
29
Evaluate -17 + (-10 + 1 - -36 - 9).
1
(-4 - -17) + -18 + -9
-14
What is the value of (-1 - (-19 - -7)) + -11?
0
Evaluate 12 + (-2 - (10 - (10 - 0))).
10
Evaluate (47 - 66) + (8 - (2 + -9)).
-4
What is 31 + (-39 - -27) + -1?
18
-10 - (-17 + 6 + -6) - (13 + 1)
-7
What is 0 + -2 + -5 + 2 - (21 + -21)?
-5
Calculate 1 + -7 + (16 - 17).
-7
-10 - (-3 + -4 + 17)
-20
What is the value of 4 - ((3 - (-8 + 17)) + -3)?
13
Calculate 13 - (5 + (-4 + 3 - -5 - 4)).
8
What is the value of (11 - (12 - 33)) + -16?
16
Evaluate 0 + 6 + -9 + 4 + -9.
-8
Evaluate 36 + (-87 - (-17 - 18)).
-16
Evaluate 1 - 14 - (-767 + 761).
-7
Calculate -14 - 3 - ((1 - 8) + (19 - 18)).
-11
Calculate (-22 - -13) + (-9 - (-2 - 0)).
-16
What is (-2 - 34) + 30 + -10 + 1?
-15
Calculate -7 + 12 + -21 + 14 + -4.
-6
What is the value of (-24 - -29 - (-2 + -3)) + 58 + -41?
27
Calculate (-2 - -1) + -267 + 224 - -11.
-33
What is (-7 + (-3 - 6) - 5) + 11?
-10
What is the value of 17 - 17 - (-1 - (-2 - 2)) - -11?
8
What is -28 + (-2 - (-30 + 31))?
-31
Evaluate 4 - -3 - (23 - (1 + 13)).
-2
What is 4457 + -4461 - (2 + -1 + -9)?
4
Evaluate -20 + 36 + -19 + -12.
-15
Calculate -8 - ((2 + -6 - 7) + -3).
6
2 + -16 - (-93 + 110)
-31
What is the value of (-11 - -17) + -7 - -23?
22
What is the value of 2 + (4 + 4 - -4)?
14
What is 19 + (9 - (33 - 5))?
0
-9 + -5 + -12 + -5 + 13
-18
What is the value of -5 - (12 - 18 - (-3 + -3 + -3))?
-8
3 + 17 + -18 - -10
12
What is 5 + (-9 - -6 - -4) + -4?
2
Calculate 7 + -3 + 2 - (14 - (10 + 6)).
8
(-9 - (1 + 2)) + -11 + 29
6
Calculate (-43 - -33) + (-3 - 21) - -14.
-20
Evaluate -4 + (48 + -49 - (-1 + 1)).
-5
What is the value of -30 + -12 + 12 - -23?
-7
(2 - 12) + 2 + 88 + -75
5
3 - -3 - 16 - (4 + -7 + 2)
-9
Calculate -1 - (-8 + 0 + 9).
-2
What is -2 - 4 - (-4 - 0) - (-20 + 1)?
17
What is the value of (16 + -9 - 16) + -3 + -2?
-14
Calculate -9 - -1 - (44 + (-56 - 16)).
20
What is (1 - -3) + (-1 - 6 - 2)?
-5
Calculate 11 + -8 - -5 - 2 - (0 - -9).
-3
What is the value of 7 + (9 - (-5 + 23 - -8))?
-10
What is the value of 11 + -2 + 9 + -7 + -13?
-2
Calculate -17 + -1 + 10 + -8 + 0 + 5.
-11
What is the value of -3 - (-3 + 4 + 0)?
-4
What is the value of 12 + -10 + -10 - -4 - 14?
-18
34 + 13 + 14 + -17 + 0 + -14
30
What is -634 + 654 + -1 + -1?
18
11 - (-12 + 7 + 9)
7
Evaluate (3 + -28 - -1) + 8.
-16
What is the value of -32 - (-3 - (8 - -18))?
-3
Evaluate 18 - (5 + (1 - 2) + 418 + -420).
16
What is -32 + 15 + 11 - 15 - (0 + -8)?
-13
What is -5 + (0 - -4) + -34 + 20?
-15
Calculate -21 - -33 - 13 - (-1 - 1) - 10.
-9
Evaluate -9 + 3 - (0 + -2 + 5).
-9
What is the value of -14 + -27 + (31 + -14 - 2)?
-26
(2 + (-4 - -7) - (-3 + 1)) + 6
13
(8 - -2) + 1 + (-42 - (41 + -89))
17
Calculate (78 - 74) + (1 + -7 - -3).
1
Calculate -6 + (7 - 9) - (4 + 1).
-13
Evaluate 4 + -3 + -6 + (17 + -4 - 3).
5
Evaluate -16 - (-53 - -31 - 27).
33
What is the value of -1 + -4 + (2 - -10 - 10) + 27?
24
What is the value of 20 + -46 + (7 - -19)?
0
Calculate (-32 - 0) + (-2957 - -2967).
-22
Evaluate -6 + (6 - 6) - (-9 - -5 - 33).
31
What is the value of -17 + (5 - -14 - -14)?
16
Calculate (-25 - (-29 - -10)) + -16.
-22
What is -5 - (-6 + (45 - 52) + -5 + 1)?
12
What is 17 + -11 - ((-2 - -6) + 4)?
-2
What is the value of 7 + (-26 - -13) - 6?
-12
What is the value of 2 + 8 + -2 + (-21 - 24 - -39)?
2
What is the value of 2 + 8 + -16 + (12 - 8)?
-2
What is 1362 - 1338 - (0 + 8)?
16
Evaluate (24 - 49) + 45 + -18.
2
(22 - 14) + -6 + -8 + -1
-7
2 - (-15 + 24) - -11
4
Calculate 23 - (-25 + 35) - (-23 + 6).
30
(13 + -7 + 1 - -3) + 15 + -6
19
Evaluate -18 + 15 - (0 - -5 - 0 - 4).
-4
What is the value of 4 + 3 + -57 + 2 + 16?
-32
What is 0 + (11 - (10 + -7 + 10))?
-2
What is the value of -8 + -10 + 5 + 9 + 2?
-2
Evaluate (2 - (0 + -2)) + (20 - 42 - -34).
16
What is the value of 1 + -4 + 11 + 0 + 4?
12
Evaluate (-18 - -19) + (5 - (-3 - -1)).
8
What is -9 + 10 + (4 - (-6 - -12) - -19)?
18
(8 - (2 + 8)) + 6 + -12
-8
Calculate -4 - (0 + -7 + -18) - -6 - 6.
21
Evaluate -1 - -1 - ((29 - 57) + 33).
-5
What is the value of 36 + -26 - 8 - (-3 - -2)?
3
What is 27 + -9 - 10 - (0 - (8 - 0))?
16
What is the value of 8 - (-6 - -25 - -10)?
-21
35 - (22 + (-20 - -35))
-2
-19 + 3 + 5 + (-32 - -58)
15
-2 - -6 - (28 + -23) - 15
-16
What is the value of 91 - 64 - (25 + 4)?
-2
Calculate 9 + 10 + (-27 - -1) - 5.
-12
-6 + 1 - (-1 + 19 - 18)
-5
What is 0 + -1 + -22 + 21?
-2
(2 - -15) + (-37 - -21)
1
What is the value of -36 + (83 - 54) + (0 - -12)?
5
What is the value of 9 + -1 + -3 + 1 + 1 + -4?
3
Evaluate -2 + 13 + (-6 - -2).
7
30 + -18 + (-4 - -9)
17
Calculate 14 + (13 - 41 - -14) - (-18 - -2).
16
What is -7 + 0 - (-206 - -196)?
3
Calculate 19 + (30 - 34 - 35).
-20
What is the value of 0 + -5 - (12 + 12 + -19)?
-10
What is the value of (4 - (-4 - -16)) + -22 - (5 + -1)?
-34
What is -3 + (4 + 1 - (-4 - 7 - -12))?
1
Calculate -17 - (3 - 0 - 4).
-16
What is the value of (-30 - -24) + (19 - 2)?
11
-9 + 2 - ((-31 - -16) + 2) - 32
-26
Calculate 10 - (-23 - (-37 - -17)).
13
What is the value of (0 - -1) + (9 - 5) + -5 + 3?
3
What is the value of 23 - ((-3 - -4) + 24)?
-2
What is the value of 23 - (9 + 7 - -6)?
1
What is the value of 7 + -4 + -3 + (10 - 13)?
-3
What is the value of 6 + (3 - 1) - (-4 - 2 - -2)?
12
Evaluate (-6 - -14) + -8 + (-1 - -3) - 3.
-1
What is 4 + 5 + -2 + -12 + 5?
0
What is the value of (-1 - (-5 - -2) - 1) + -8?
-7
((-3 - -12) + -11 - (-1 + 0)) + 1
0
What is the value of (5 - 1) + -1 + -12 + -21 + 18?
-12
(12 - 26) + 23 - (1 + 0)
8
Calculate (-11 - (21 + -10)) + 2 + -1 + 4.
-17
What is the value of 0 + (-4 - 1) - (2 + (-8 - 1))?
2
What is the value of 6 - (21 + -7) - -26?
18
Calculate 7 + 0 + (-10 - -22) + -13.
6
What is the value of -6 + -14 + (16 + -11 - (2 + 1))?
-18
(0 - 5) + (-7 + 12 - 1)
-1
Calculate -2 + (3 + -10 + 12 - (-3 + 7)).
-1
What is (29 + -15 - -36) + -17?
33
Calculate -6 + 0 + (3 + 14 + -15 - 9).
-13
What is -3 - ((-10 - 1) + (-369 - -371))?
6
Calculate 6 + (-8 - (5 - 16 - -6)).
3
What is -17 - -25 - (5 + 1 + -10)?
12
-1 - (-2 - -7 - -4 - 5)
-5
What is the value of 0 + -6 + -8 + 12 + -3 - 14?
-19
What is the value of 7 + (6 - (16 + -17))?
14
Evaluate 13 - 1 - (2 - (-13 + 23)).
20
Evaluate -8 + (1 - -11) + (223 - 226).
1
Calculate (4 - (5 - 0)) + -3 - 7.
-11
Evaluate 42 + -24 - (13 - 8).
13
-5 + (2 + -2 - 1 - 10)
-16
What is -62 + 19 + (3 - -23)?
-17
Calculate -5 - 0 - (15 + 13 + (-31 - -12)).
-14
What is 21 - (0 - -12 - (-113 - -114))?
10
What is the value of -11 + 6 + 10 - -5 - -10?
20
Evaluate 9 - ((-1 - -9) + (209 - 224)).
16
What is -4 + 3 + -4 + 1 - -15 - 7?
4
Calculate 1 + 30 + -5 - (-26 - -30).
22
What is -7 - (-12 + 19 + -5)?
-9
What is 14 + 0 + -1 + -87 + 78?
4
Evaluate -68 - -47 - (-7 - 1).
-13
Calculate 11 + 15 + (-13 - -12 - 5).
20
What is 9 + (-13 - (-4 - 0)) + 0?
0
What is the value of